when 4191 is divided by 2051?
89
What is the remainder when 6931 is divided by 627?
34
Calculate the remainder when 6901 is divided by 265.
11
Calculate the remainder when 15884 is divided by 33.
11
What is the remainder when 4836 is divided by 1186?
92
What is the remainder when 77704 is divided by 77?
11
Calculate the remainder when 129608 is divided by 22.
6
What is the remainder when 964 is divided by 192?
4
Calculate the remainder when 158924 is divided by 946.
942
Calculate the remainder when 778 is divided by 584.
194
Calculate the remainder when 143409 is divided by 204.
201
Calculate the remainder when 450874 is divided by 12.
10
What is the remainder when 104303 is divided by 419?
391
Calculate the remainder when 78110 is divided by 360.
350
What is the remainder when 1818 is divided by 112?
26
Calculate the remainder when 15225 is divided by 287.
14
Calculate the remainder when 20247 is divided by 10122.
3
Calculate the remainder when 11844 is divided by 308.
140
What is the remainder when 42633 is divided by 14206?
15
What is the remainder when 18297 is divided by 51?
39
What is the remainder when 17004 is divided by 2822?
72
What is the remainder when 438 is divided by 165?
108
What is the remainder when 79630 is divided by 252?
250
What is the remainder when 47389 is divided by 41?
34
Calculate the remainder when 770 is divided by 497.
273
What is the remainder when 79066 is divided by 39515?
36
What is the remainder when 100634 is divided by 50317?
0
What is the remainder when 127874 is divided by 33?
32
What is the remainder when 73386 is divided by 30?
6
What is the remainder when 2308 is divided by 39?
7
Calculate the remainder when 4257 is divided by 470.
27
Calculate the remainder when 2630 is divided by 7.
5
Calculate the remainder when 190653 is divided by 154.
1
Calculate the remainder when 10510 is divided by 21.
10
Calculate the remainder when 5292 is divided by 15.
12
What is the remainder when 7116 is divided by 422?
364
Calculate the remainder when 11648 is divided by 5.
3
Calculate the remainder when 17181 is divided by 1325.
1281
What is the remainder when 776 is divided by 20?
16
What is the remainder when 114844 is divided by 48?
28
What is the remainder when 647041 is divided by 22?
21
What is the remainder when 35929 is divided by 17955?
19
What is the remainder when 323748 is divided by 52?
48
What is the remainder when 7575437 is divided by 663?
662
What is the remainder when 3318 is divided by 193?
37
Calculate the remainder when 51869 is divided by 1679.
1499
Calculate the remainder when 385524 is divided by 572.
568
What is the remainder when 5630 is divided by 64?
62
What is the remainder when 3104 is divided by 448?
416
Calculate the remainder when 62583 is divided by 20861.
0
What is the remainder when 18600 is divided by 209?
208
Calculate the remainder when 2348 is divided by 2096.
252
Calculate the remainder when 26793 is divided by 4414.
309
Calculate the remainder when 148 is divided by 48.
4
Calculate the remainder when 87376 is divided by 89.
67
Calculate the remainder when 205396 is divided by 227.
188
Calculate the remainder when 8953 is divided by 1116.
25
What is the remainder when 6122 is divided by 13?
12
What is the remainder when 1113 is divided by 37?
3
What is the remainder when 22433 is divided by 255?
248
Calculate the remainder when 6524 is divided by 240.
44
Calculate the remainder when 2397515 is divided by 47.
45
Calculate the remainder when 667095 is divided by 25.
20
What is the remainder when 13325855 is divided by 238?
235
What is the remainder when 7455 is divided by 170?
145
What is the remainder when 95545 is divided by 4775?
45
What is the remainder when 4659 is divided by 1544?
27
What is the remainder when 24385 is divided by 50?
35
What is the remainder when 3067 is divided by 1020?
7
What is the remainder when 2383 is divided by 622?
517
What is the remainder when 98838 is divided by 555?
48
What is the remainder when 1622 is divided by 779?
64
What is the remainder when 7401 is divided by 18?
3
What is the remainder when 45923 is divided by 24?
11
Calculate the remainder when 14107 is divided by 473.
390
What is the remainder when 12084 is divided by 310?
304
What is the remainder when 73617 is divided by 176?
49
What is the remainder when 751 is divided by 347?
57
What is the remainder when 797 is divided by 493?
304
Calculate the remainder when 6943 is divided by 3468.
7
Calculate the remainder when 2709913 is divided by 195.
193
What is the remainder when 21139 is divided by 317?
217
What is the remainder when 2026 is divided by 640?
106
Calculate the remainder when 154579 is divided by 30904.
59
Calculate the remainder when 761393 is divided by 108.
101
Calculate the remainder when 333824 is divided by 166.
164
Calculate the remainder when 101812 is divided by 870.
22
What is the remainder when 498 is divided by 15?
3
What is the remainder when 23337 is divided by 5834?
1
Calculate the remainder when 24481 is divided by 42.
37
Calculate the remainder when 517034 is divided by 222.
218
Calculate the remainder when 6193 is divided by 389.
358
Calculate the remainder when 7172 is divided by 12.
8
Calculate the remainder when 58931 is divided by 7357.
75
What is the remainder when 63899 is divided by 18?
17
What is the remainder when 541037 is divided by 54102?
17
Calculate the remainder when 14782 is divided by 587.
107
Calculate the remainder when 8125 is divided by 40.
5
Calculate the remainder when 1908 is divided by 253.
137
What is the remainder when 2653866 is divided by 1139?
1135
What is the remainder when 29406 is divided by 1959?
21
Calculate the remainder when 1186 is divided by 386.
28
Calculate the remainder when 2311 is divided by 329.
8
What is the remainder when 1129 is divided by 154?
51
Calculate the remainder when 1095 is divided by 395.
305
What is the remainder when 251 is divided by 55?
31
Calculate the remainder when 4848 is divided by 211.
206
What is the remainder when 11554 is divided by 5670?
214
Calculate the remainder when 310797 is divided by 120.
117
Calculate the remainder when 924 is divided by 902.
22
Calculate the remainder when 24791 is divided by 1727.
613
Calculate the remainder when 32220 is divided by 1461.
78
What is the remainder when 2309 is divided by 100?
9
What is the remainder when 8286 is divided by 4133?
20
Calculate the remainder when 278803 is divided by 8712.
19
Calculate the remainder when 17762 is divided by 4425.
62
What is the remainder when 48390 is divided by 444?
438
What is the remainder when 714 is divided by 216?
66
Calculate the remainder when 1066 is divided by 260.
26
Calculate the remainder when 3157 is divided by 139.
99
Calculate the remainder when 740094 is divided by 944.
942
What is the remainder when 752134 is divided by 5655?
19
Calculate the remainder when 3553 is divided by 1178.
19
Calculate the remainder when 64563 is divided by 18.
15
What is the remainder when 227321 is divided by 68?
65
What is the remainder when 7684 is divided by 480?
4
What is the remainder when 370359 is divided by 17?
14
Calculate the remainder when 85679 is divided by 560.
559
Calculate the remainder when 151906 is divided by 50600.
106
What is the remainder when 49426 is divided by 7042?
132
What is the remainder when 26580 is divided by 161?
15
What is the remainder when 66734 is divided by 42?
38
Calculate the remainder when 94245 is divided by 2550.
2445
What is the remainder when 825291 is divided by 103159?
19
What is the remainder when 651214 is divided by 185?
14
What is the remainder when 58086 is divided by 14495?
106
Calculate the remainder when 69628 is divided by 389.
386
Calculate the remainder when 65929 is divided by 9413.
38
What is the remainder when 8374 is divided by 566?
450
What is the remainder when 80839 is divided by 20197?
51
Calculate the remainder when 11796 is divided by 49.
36
What is the remainder when 796 is divided by 793?
3
Calculate the remainder when 6083 is divided by 3027.
29
Calculate the remainder when 24148 is divided by 12070.
8
Calculate the remainder when 1938 is divided by 1424.
514
What is the remainder when 497087 is divided by 863?
862
Calculate the remainder whe